{"id":34,"date":"2018-03-17T13:14:37","date_gmt":"2018-03-17T13:14:37","guid":{"rendered":"http:\/\/www.ohory.cz\/?page_id=34"},"modified":"2025-02-04T16:07:29","modified_gmt":"2025-02-04T16:07:29","slug":"poradatel","status":"publish","type":"page","link":"https:\/\/www.ohory.cz\/index.php\/poradatel\/","title":{"rendered":"Po\u0159adatel"},"content":{"rendered":"<p>Galerie Jaroslava Fragnera, s\u00eddl\u00edc\u00ed v\u00a0historick\u00e9m centru Prahy, je jednou z\u00a0m\u00e1la galeri\u00ed v\u00a0\u010cesk\u00e9 republice v\u011bnuj\u00edc\u00edch se v\u00fdhradn\u011b prezentaci architektury. Existuje ji\u017e d\u00e9le ne\u017e p\u016fl stolet\u00ed a od roku 2006 ji provozuje spolek Architectura. Pravideln\u011b jsou zde p\u0159edstavov\u00e1ni \u010de\u0161t\u00ed, evrop\u0161t\u00ed i sv\u011btov\u00ed auto\u0159i, zejm\u00e9na progresivn\u00ed ateli\u00e9ry st\u0159edn\u00ed a nastupuj\u00edc\u00ed generace. GJF dlouhodob\u011b spolupracuje s\u00a0\u0159adou evropsk\u00fdch architektonick\u00fdch galeri\u00ed a center i vzd\u011bl\u00e1vac\u00edch instituc\u00ed. \u00dazce spolupracuje s\u00a0um\u011bleck\u00fdmi a technick\u00fdmi vysok\u00fdmi \u0161kolami, po\u0159\u00e1d\u00e1 mezin\u00e1rodn\u00ed konference, exkurze, vyd\u00e1v\u00e1 publikace, po\u0159\u00e1d\u00e1 i host\u00ed p\u0159edn\u00e1\u0161ky. Zab\u00fdv\u00e1 se rovn\u011b\u017e prezentac\u00ed \u010desk\u00e9 tvorby v\u00a0zahrani\u010d\u00ed a uspo\u0159\u00e1dala n\u011bkolik v\u011bt\u0161\u00edch p\u0159ehl\u00eddek sou\u010dasn\u00e9 \u010desk\u00e9 architektonick\u00e9 tvorby. \u00a0Autorsk\u00e9 v\u00fdstavy se t\u00fdkaj\u00ed aktu\u00e1ln\u00edch t\u00e9mat, portr\u00e9t\u016f renomovan\u00fdch osobnost\u00ed i historie 20. stolet\u00ed. V\u00a0posledn\u00edch letech se GJF v\u011bnuje tak\u00e9 problematice ve\u0159ejn\u00e9ho prostoru, udr\u017eiteln\u00e9 architektury a konverz\u00ed industri\u00e1ln\u00edch pam\u00e1tek v\u00a0podob\u011b samostatn\u00fdch v\u00fdstav i festival\u016f.<\/p>\n<p><a href=\"http:\/\/www.gjf.cz\">www.gjf.cz<\/a><\/p>\n<style type=\"text\/css\">\n#foogallery-gallery-97 .fg-image { width: 150px; }\n#foogallery-gallery-97 { --fg-gutter: 10px; }<\/style>\n\t\t\t<div class=\"foogallery foogallery-container foogallery-default foogallery-lightbox-foobox fg-left fg-default fg-ready fg-light fg-border-thin fg-shadow-outline fg-loading-default fg-loaded-fade-in fg-caption-hover fg-hover-fade fg-hover-zoom\" id=\"foogallery-gallery-97\" data-foogallery=\"{&quot;item&quot;:{&quot;showCaptionTitle&quot;:true,&quot;showCaptionDescription&quot;:true},&quot;lazy&quot;:true}\" style=\"--fg-title-line-clamp: 0; --fg-description-line-clamp: 0;\" >\n\t<div class=\"fg-item fg-type-image fg-idle\"><figure class=\"fg-item-inner\"><a href=\"https:\/\/www.ohory.cz\/wp-content\/uploads\/2018\/03\/vstup.jpg\" data-attachment-id=\"100\" data-type=\"image\" class=\"fg-thumb\"><span class=\"fg-image-wrap\"><img decoding=\"async\" width=\"150\" height=\"150\" class=\"skip-lazy fg-image\" data-src-fg=\"https:\/\/www.ohory.cz\/wp-content\/uploads\/cache\/2018\/03\/vstup\/2949387325.jpg\" src=\"data:image\/svg+xml,%3Csvg%20xmlns%3D%22http%3A%2F%2Fwww.w3.org%2F2000%2Fsvg%22%20width%3D%22150%22%20height%3D%22150%22%20viewBox%3D%220%200%20150%20150%22%3E%3C%2Fsvg%3E\" loading=\"eager\"><\/span><span class=\"fg-image-overlay\"><\/span><\/a><\/figure><div class=\"fg-loader\"><\/div><\/div><\/div>\n\n","protected":false},"excerpt":{"rendered":"<p>Galerie Jaroslava Fragnera, s\u00eddl\u00edc\u00ed v\u00a0historick\u00e9m centru Prahy, je jednou z\u00a0m\u00e1la galeri\u00ed v\u00a0\u010cesk\u00e9 republice v\u011bnuj\u00edc\u00edch se v\u00fdhradn\u011b prezentaci architektury. Existuje ji\u017e d\u00e9le ne\u017e p\u016fl stolet\u00ed a od roku 2006 ji provozuje spolek Architectura. Pravideln\u011b jsou zde p\u0159edstavov\u00e1ni \u010de\u0161t\u00ed, evrop\u0161t\u00ed i sv\u011btov\u00ed auto\u0159i, zejm\u00e9na progresivn\u00ed ateli\u00e9ry st\u0159edn\u00ed a nastupuj\u00edc\u00ed generace. GJF dlouhodob\u011b spolupracuje s\u00a0\u0159adou evropsk\u00fdch architektonick\u00fdch galeri\u00ed [&hellip;]<\/p>\n","protected":false},"author":1,"featured_media":0,"parent":0,"menu_order":0,"comment_status":"closed","ping_status":"closed","template":"","meta":{"footnotes":""},"class_list":["post-34","page","type-page","status-publish","hentry"],"_links":{"self":[{"href":"https:\/\/www.ohory.cz\/index.php\/wp-json\/wp\/v2\/pages\/34","targetHints":{"allow":["GET"]}}],"collection":[{"href":"https:\/\/www.ohory.cz\/index.php\/wp-json\/wp\/v2\/pages"}],"about":[{"href":"https:\/\/www.ohory.cz\/index.php\/wp-json\/wp\/v2\/types\/page"}],"author":[{"embeddable":true,"href":"https:\/\/www.ohory.cz\/index.php\/wp-json\/wp\/v2\/users\/1"}],"replies":[{"embeddable":true,"href":"https:\/\/www.ohory.cz\/index.php\/wp-json\/wp\/v2\/comments?post=34"}],"version-history":[{"count":4,"href":"https:\/\/www.ohory.cz\/index.php\/wp-json\/wp\/v2\/pages\/34\/revisions"}],"predecessor-version":[{"id":103,"href":"https:\/\/www.ohory.cz\/index.php\/wp-json\/wp\/v2\/pages\/34\/revisions\/103"}],"wp:attachment":[{"href":"https:\/\/www.ohory.cz\/index.php\/wp-json\/wp\/v2\/media?parent=34"}],"curies":[{"name":"wp","href":"https:\/\/api.w.org\/{rel}","templated":true}]}}